65 composite?
True
Is 105713 composite?
True
Is 1494593 a prime number?
False
Is 27479 composite?
False
Is 738653 a composite number?
True
Is 20473 composite?
True
Is 177094 a composite number?
True
Is 509 a prime number?
True
Is 206153 composite?
False
Is 236185 composite?
True
Is 29431 a composite number?
True
Is 2767 a composite number?
False
Is 79161 a prime number?
False
Is 769013 a prime number?
False
Is 124835 a composite number?
True
Is 2459 prime?
True
Is 9411 composite?
True
Is 17521 a prime number?
False
Is 59249 prime?
False
Is 403109 composite?
True
Is 4333777 prime?
False
Is 1534367 a prime number?
False
Is 938269 prime?
False
Is 309047 composite?
True
Is 155651 composite?
True
Is 452461 prime?
False
Is 13045 a prime number?
False
Is 1988753 a composite number?
True
Is 259789 prime?
False
Is 94201 prime?
True
Is 2333 composite?
False
Is 8147 a prime number?
True
Is 736753 prime?
False
Is 159319 composite?
False
Is 91621 composite?
False
Is 14519 a prime number?
True
Is 17077 a prime number?
True
Is 4666 prime?
False
Is 12841 a composite number?
False
Is 269813 a composite number?
True
Is 114743 a prime number?
True
Is 6401 a prime number?
False
Is 37717 prime?
True
Is 9593 a composite number?
True
Is 141497 a composite number?
False
Is 273419 a composite number?
True
Is 48629 prime?
False
Is 36503 composite?
True
Is 9115 a prime number?
False
Is 6521 a prime number?
True
Is 7354 a composite number?
True
Is 1637 a prime number?
True
Is 332803 composite?
False
Is 996001 a composite number?
False
Is 235358 a prime number?
False
Is 46919 prime?
True
Is 135739 prime?
False
Is 40435 a composite number?
True
Is 3313 a composite number?
False
Is 44449 prime?
True
Is 370463 a composite number?
False
Is 9865 composite?
True
Is 33141 a prime number?
False
Is 39979 composite?
False
Is 1163 a composite number?
False
Is 104353 a prime number?
False
Is 74926 composite?
True
Is 150269 a prime number?
False
Is 699697 a composite number?
False
Is 391967 prime?
True
Is 174037 composite?
True
Is 50639 prime?
False
Is 18053 composite?
True
Is 45743 a prime number?
False
Is 9501 composite?
True
Is 1847 prime?
True
Is 5147 a composite number?
False
Is 4946 composite?
True
Is 5347 a prime number?
True
Is 20653 prime?
False
Is 19661 composite?
False
Is 6872819 composite?
True
Is 231197 a prime number?
True
Is 1150606 a prime number?
False
Is 1159 composite?
True
Is 725861 composite?
False
Is 3299 composite?
False
Is 229937 prime?
True
Is 15511 a prime number?
True
Is 198823 composite?
False
Is 218873 prime?
True
Is 84173 a composite number?
True
Is 33481 composite?
True
Is 5227 prime?
True
Is 71959 a composite number?
True
Is 5387 prime?
True
Is 260303 prime?
False
Is 479719 a prime number?
False
Is 528662 prime?
False
Is 19009 prime?
True
Is 25429 a prime number?
False
Is 1958917 a prime number?
True
Is 4837 a composite number?
True
Is 1702061 a composite number?
False
Is 61121 composite?
False
Is 118447 a composite number?
True
Is 736331 composite?
True
Is 53231 composite?
False
Is 41029 prime?
False
Is 787 a composite number?
False
Is 866618 a prime number?
False
Is 1437 prime?
False
Is 15427 composite?
False
Is 329941 a composite number?
False
Is 2437 prime?
True
Is 1819 a composite number?
True
Is 6467 a prime number?
False
Is 61961 composite?
False
Is 1903 a prime number?
False
Is 211 a composite number?
False
Is 122347 prime?
True
Is 13415 a composite number?
True
Is 10529 a prime number?
True
Is 199473 prime?
False
Is 1438 composite?
True
Is 395081 composite?
True
Is 47599 composite?
False
Is 155647 composite?
True
Is 79259 a prime number?
True
Is 144139 prime?
True
Is 131554 composite?
True
Is 67997 prime?
False
Is 3353 composite?
True
Is 43543 composite?
False
Is 6347 composite?
True
Is 379963 a composite number?
False
Is 316847 prime?
True
Is 34679 prime?
True
Is 41639 prime?
False
Is 84809 composite?
False
Is 5927887 a prime number?
False
Is 317467 a prime number?
False
Is 3571 a composite number?
False
Is 32345 a prime number?
False
Is 733543 composite?
True
Is 63741 composite?
True
Is 72719 a composite number?
False
Is 47129 a composite number?
False
Is 162599 a prime number?
False
Is 173245 prime?
False
Is 34837 prime?
False
Is 15107 a composite number?
False
Is 43221 composite?
True
Is 2503 a prime number?
True
Is 69553 a prime number?
False
Is 8213 a composite number?
True
Is 1315 a prime number?
False
Is 9477821 composite?
False
Is 11441 a composite number?
True
Is 215051 composite?
False
Is 13931 a prime number?
True
Is 189965 composite?
True
Is 184753 a composite number?
False
Is 154951 prime?
False
Is 14693 a composite number?
True
Is 12323 composite?
False
Is 30283 composite?
True
Is 1247731 prime?
False
Is 53007 a prime number?
False
Is 1131217 prime?
True
Is 42509 a prime number?
True
Is 90319 a prime number?
False
Is 1191503 a composite number?
True
Is 524893 composite?
False
Is 1433303 a prime number?
False
Is 835531 prime?
True
Is 6119 a prime number?
False
Is 99103 prime?
True
Is 271831 a composite number?
True
Is 1232543 a composite number?
True
Is 1253111 a composite number?
False
Is 1384661 composite?
False
Is 339 a composite number?
True
Is 16909 composite?
True
Is 159287 prime?
True
Is 148949 a composite number?
False
Is 53071 a prime number?
False
Is 193841 composite?
False
Is 328754 prime?
False
Is 19457 a prime number?
True
Is 35617 prime?
True
Is 329 a prime number?
False
Is 83458 composite?
True
Is 37003 composite?
False
Is 37919 a composite number?
True
Is 1409 a prime number?
True
Is 2245 a prime number?
False
Is 241537 composite?
False
Is 6557 a prime number?
False
Is 744563 a prime number?
False
Is 155981 composite?
True
Is 32327 composite?
False
Is 709 prime?
True
Is 173801 a composite number?
True
Is 156007 a prime number?
True
Is 24569 prime?
False
Is 5298371 a prime number?
False
Is 1093357 composite?
False
Is 318635 composite?
True
Is 1162727 composite?
False
Is 59293 composite?
True
Is 99317 a prime number?
True
Is 6803 composite?
False
Is 19121 a prime number?
True
Is 156553 prime?
False
Is 52147 prime?
True
Is 289439 prime?
True
Is 1073131 a composite number?
False
Is 216551 composite?
False
Is 2111 a composite number?
False
Is 11153 a prime number?
False
Is 354499 composite?
True
Is 2621 a composite number?
False
Is 145139 composite?
False
Is 4829 a composite number?
True
Is 42589 prime?
True
Is 4018435 a composite number?
True
Is 1021861 a prime number?
True
Is 893369 a prime number?
False
Is 380753 a prime number?
True
Is 196961 a composite number?
False
Is 26813 composite?
False
Is 43115 prime?
False
Is 1653811 composite?
True
Is 86027 a prime number?
True
Is 42779 composite?
True
Is 1355573 composite?
False
Is 1819303 a composite number?
True
Is 158177 prime?
False
Is 190871 prime?
True
Is 64511 a composite number?
True
Is 1044983 composite?
True
Is 4391 a composite number?
False
Is 6931 composite?
True
Is 60317 composite?
False
Is 5261 composite?
False
Is 1117 a prime number?
True
Is 21059 composite?
False
Is 18757 composite?
False
Is 29399 a composite number?
False
Is 535061 a prime number?
True
Is 32593 a composite number?
True
Is 5711 a prime number?
True
Is 80329 a composite number?
False
Is 227743 composite?
False
Is 672019 a prime number?
True
Is 299953 composite?
True
Is 7039 a composite number?
False
Is 14477 composite?
True
Is 5713 composite?
True
Is 2579 a composite number?
False
Is 14461 a prime number?
True
Is 623 a composite number?
True
Is 52879 a prime number?
True
Is 395237 composite?
True
Is 10477 a composite number?
False
Is 307631 a prime number?
True
Is 2393539 prime?
False
Is 489 prime?
False
Is 10405 a prime number?
False
Is 21247 a prime number?
True
Is 237223 composite?
True
Is 54573 a composite number?
True
Is 1860299 prime?
False
Is 3463 prime?
True
Is 99077 a composite number?
True
Is 469561 prime?
True
Is 718369 composite?
True
Is 2843 composite?
False
Is 1107127 prime?
False
Is 3469721 composite?
False
Is 662 a composite number?
True
Is 12937 a prime number?
False
Is 112313 a prime number?
False
Is 25031 composite?
False
Is 44277 a composite number?
True
Is 361993 prime?
True
Is 12497 prime?
True
Is 18583 composite?
False
Is 1373437 a prime number?
False
Is 260911 a